, 5
Let r be (-4)/(16/4) - (42 - 1). Let z be 4/6 - 4340/r. Suppose -5*t = -3*t - z. What are the prime factors of t?
2, 13
Suppose 0 = 6*o + 716 + 40. Let l = o + 217. Let h = l - 72. What are the prime factors of h?
19
Let y(r) = 669*r + 16. Let v be y(2). Suppose -v + 4354 = 10*z. List the prime factors of z.
2, 3, 5
Suppose -3*m - 2*a - 1058 + 13124 = 0, 4*a - 24 = 0. List the prime factors of m.
2, 7, 41
Let v be -1*5*6/(-18)*3. Suppose -v*x - 1278 = -2*i, -3*x = -3*i - 5*x + 1898. List the prime factors of i.
2, 317
Let n(g) = -24*g**3 + 7*g**2 - 50*g - 112. What are the prime factors of n(-12)?
2, 41, 131
Suppose 13*s + 137158 = 344625. List the prime factors of s.
15959
Let a(c) = 39*c**2 + 2*c**3 - 16 - 57*c**2 - 42*c + 85*c. What are the prime factors of a(11)?
941
Let h be (6 + (-21)/(-14))/(2/(-4)). What are the prime factors of 1938*(7 - (-100)/h)?
2, 17, 19
What are the prime factors of 234625/525 + -2 + (-176)/(-84)?
3, 149
Suppose 4*s = 6*s + 24. Let g(p) = p**3 + 14*p**2 + 12*p + 34. List the prime factors of g(s).
2, 89
Let k = -106 - -110. Suppose -k = -5*b + 2*f, 0 = 2*b - 5*b - 5*f - 10. Suppose -4*s = -b*s - 420. What are the prime factors of s?
3, 5, 7
Let j(m) = -46*m**2 + 0*m + 1 + 2*m + 47*m**2. Let b be j(-10). Let k = 2 + b. List the prime factors of k.
83
Suppose 0 = -524*y + 2692846 + 26641198. List the prime factors of y.
17, 37, 89
Suppose 0 = 4*k + 2*w - 149702, 16*k - 21*k = 5*w - 187110. List the prime factors of k.
7, 5347
Let k(x) = 48 - 4*x - 4*x - 105 + 2*x**2 + 48. Let n be k(7). Suppose 122 + n = 5*f. List the prime factors of f.
31
Suppose 236 = 15*z - 604. List the prime factors of 4/(z/1687)*4.
2, 241
Let h = 2545 + 15391. What are the prime factors of h?
2, 19, 59
Let z(h) be the first derivative of 2*h**3/3 - 26*h**2 + 48*h + 178. List the prime factors of z(30).
2, 3
Let d = 700 - 610. List the prime factors of (-3378)/(-21) + d/(-105).
2, 5
Suppose -143 - 173 = -m. Let o(c) = 4*c**2 - 11*c - 18. Let n be o(10). Suppose n + m = 7*s. List the prime factors of s.
2, 3, 7
Suppose -y + 3*l = -9284, -68*l = 2*y - 71*l - 18565. What are the prime factors of y?
9281
Let m(o) be the second derivative of -o**5/5 + o**4/3 - 7*o**3/3 - o**2 - 41*o. What are the prime factors of m(-5)?
2, 167
Suppose 10*c - 45 = -25. Suppose 2*v - 9 = -v, c*v = -4*o + 614. List the prime factors of o.
2, 19
Let w = 111 + -97. Suppose 3*t + w = -v, 3*t - 6*v + 2*v + 19 = 0. List the prime factors of 131 + (t - 3*3/(-9)).
127
Let k = 1019 + 619. What are the prime factors of k?
2, 3, 7, 13
Let k be ((-2 + 0)/(-1))/(196/882). Suppose 604 = k*h - 350. What are the prime factors of h?
2, 53
Suppose -3*l + 2643 = -5*b, -4*b = -l + 4*l - 2697. What are the prime factors of l?
3, 11
Let p be (1*4/8)/((-1)/(-14)). Suppose 4 = -2*c - 2*b, -3*b = -c + p + 11. Suppose 0 = -c*w + 253 + 215. List the prime factors of w.
2, 3, 13
Suppose 2249 + 16176 + 11791 = 6*j. What are the prime factors of j?
2, 1259
List the prime factors of (-4)/22 - ((-310754934)/(-407))/(-42).
7, 53
Suppose 4*m + 270 = 3*z, 9*m = 4*m - 5*z - 320. List the prime factors of (m/18 + 4)*285.
5, 19
Let k = 34 - 23. Suppose 0 = -k*c - c + 4368. What are the prime factors of c?
2, 7, 13
Let j(y) = -y**2 - y - 35. Let b be j(0). Let u = 9 - b. Suppose u = 2*r - 52. What are the prime factors of r?
2, 3
Suppose -20 = 4*b, 3*b = u - 2*b - 267. Let c = -415 + 416. Suppose u = 3*m - c. What are the prime factors of m?
3
Suppose 26*i = 30*i + 44. List the prime factors of (5/(-1 - i))/((-1)/(-354)).
3, 59
Let h = -315 + 1099. Suppose 2474 = 9*y - h. List the prime factors of y.
2, 181
Let n be (-1 - (-5)/3)/(44/3828). Let x = n - 53. What are the prime factors of x?
5
Suppose 70 = g - 3*g. Let j = g - -39. Suppose -4*c = -j*t + 236, -2*c = 3*t + 2*c - 198. What are the prime factors of t?
2, 31
Suppose -8 = -g + 2*i, 3*g + 8 = -0*g - 2*i. Suppose -t = x - 877, t + 11 - 6 = g. List the prime factors of x.
2, 3, 7
Let a = -35 + 65. Let z be 12/a + (-2)/5. Suppose z = -7*h + 3*h + 512. List the prime factors of h.
2
Suppose -5*d + 24760 = -4*z - 2756, -2*d = -2*z - 11006. List the prime factors of d.
2, 43
Let w be ((-3)/(-18)*3)/(2/12). Let c be ((-4)/6 - (-25)/15)*w. Suppose -468 = -5*p + c*b, -272 = -3*p + 4*b - 0*b. What are the prime factors of p?
2, 3
Suppose 3*t = 2*o + 5, -8*t + 3*t = 5*o. What are the prime factors of t/(5/15) + (-2 - -28)?
29
Suppose 4*n + 28 = 12, -482 = -i + 4*n. What are the prime factors of i?
2, 233
Suppose 69*l + 5*s = 73*l - 11131, -5*l = -4*s - 13898. What are the prime factors of l?
2, 19, 73
Let y(x) = 196*x**2 - 28*x + 155. List the prime factors of y(5).
5, 983
Let k(y) = -y**3 + y + 4. Let l = -15 - -15. Let u be k(l). Suppose 4*v - 55 = 5*a + 43, -3*v + 89 = u*a. What are the prime factors of v?
3
Let k be 4/(6*1/21). What are the prime factors of -74*(-5)/(20/k)?
7, 37
Let j be (3896/(-7))/(-2) - 14/49. Let q = j - 127. Suppose -2*x - 25 = -3*x - 5*i, 3*x - 4*i - q = 0. List the prime factors of x.
3, 5
Let p(j) = -2*j**2 - 18*j - 24. Let f be p(-7). Suppose 0 = 2*g + f*a - 188, 5*g - 14 - 511 = a. List the prime factors of g.
2, 13
What are the prime factors of 30/(-18) + 2919672/162?
3, 6007
Suppose -4 - 86 = -3*p. Suppose -26 + p = -2*n. List the prime factors of (-19 - -3)/(-4) + (-2)/n.
5
Suppose -215*r + 1687 = -240*r + 6187. Suppose -2*x + 7*x = -185. Let b = r + x. What are the prime factors of b?
11, 13
Suppose -10*d - 92985 + 257748 = -384907. What are the prime factors of d?
11, 19, 263
Suppose -20*t + 19*t = 0. Suppose t*r - 8397 = -9*r. List the prime factors of r.
3, 311
What are the prime factors of (-7)/(147/(-55893)) + 32/(-56)?
3, 887
Let m(d) = d**2 + 15*d + 38. Let t be m(-8). List the prime factors of 500/6 - t/27.
2, 3, 7
Let w(u) = -3*u**3 - 23*u**2 - 12*u + 12. Let q be w(-18). Suppose g = -5*g + q. What are the prime factors of (-28)/98 + g/14?
2, 61
Suppose 2*i - 5*s - 396 = 0, 0*s = i - 2*s - 196. Suppose 4*y - 12 - i = 0. What are the prime factors of y?
2, 5
Let g be 3/(-4) - ((-117)/12 - -1). Suppose -g*q + 15 = -121. Suppose 0 = -q*y + 765 + 782. List the prime factors of y.
7, 13
Suppose -2*n - 18 = -2. Let s(u) = -42*u + 26. List the prime factors of s(n).
2, 181
What are the prime factors of -25*11/110*29674/(-5)?
37, 401
Let i(k) = k**3 + 5*k**2 - 6*k + 1. Let x be i(5). Suppose 19*f = 6*f + x. Suppose -3*y + 2*o = -85 - f, 4*y + 5*o = 159. What are the prime factors of y?
2, 3
Let v(t) = -t**2 - 9*t + 25. Let r be v(3). Let i(d) = 3*d**2 - 11*d - 8. List the prime factors of i(r).
2, 7, 17
Suppose 5*r = n - 7, 3*r + 22 = -3*n + 133. Let t(p) = -p**3 + 34*p**2 - 39*p - 45. What are the prime factors of t(n)?
5, 151
List the prime factors of 2563/((-7)/(-170 + 9)).
11, 23, 233
Let y(b) be the first derivative of -57/2*b**2 + 4 - 39*b. List the prime factors of y(-4).
3, 7
Let z(b) be the third derivative of -b**6/60 - b**5/60 - b**4/6 + 13*b**3/3 + 158*b**2. What are the prime factors of z(-5)?
271
Suppose -25*d = -27*d + 18. Suppose -d = 2*b + 11. What are the prime factors of (b/15)/(6/(-1899))?
211
Let u(f) = -f**3 + 8*f**2 - 12*f + 11. Let n be u(4). Suppose n*o - 4895 = 16*o. What are the prime factors of o?
5, 89
Suppose 3*g - 56 = -4*b + 232, 0 = -4*g + 5*b + 415. Let z be (-4 - 1)*9/(-15). Suppose g = z*l - l. List the prime factors of l.
2, 5
Let r(z) = -55*z**2 - 3*z - 26. Let o(n) = -54*n**2 - 2*n - 27. Let s(v) = 2*o(v) - 3*r(v). List the prime factors of s(-3).
2, 3, 29
Let b(v) be the second derivative of -52*v**3/3 - 48*v**2 - 44*v. What are the prime factors of b(-4)?
2, 5
Let p = -30 + 33. Let a be (-2)/5 - 7188/(-20). Suppose p*c = 4*u + 323, 78 = 4*c + u - a. What are the prime factors of c?
109
Let u = 28479 + -16922. Suppose -16*o = -9*o - u. List the prime factors of o.
13, 127
Let s(l) = 2214*l**2 - 69*l - 238. List the prime factors of s(-4).
2, 7, 17, 149
What are the prime factors of -11994*(-1 + 2/6)?
2, 1999
Let j be ((-18)/(-15))/(-3) - (-54)/10. Suppose 4*w - 2*b - 36 = 0, -j*w + 4*b - 71 = -10*w. What are the prime factors of w?
11
What are the prime factors of (-1)/(10/(-624480)) + (6 - -5)?
62459
Suppose d - 5*y = 40242, -36*d - 120670 = -39*d + y. What are the prime f